{"id":376,"date":"2025-09-16T14:35:44","date_gmt":"2025-09-16T12:35:44","guid":{"rendered":"https:\/\/lechia-zg.sklep.pl\/?post_type=product&#038;p=376"},"modified":"2025-09-16T14:54:27","modified_gmt":"2025-09-16T12:54:27","slug":"zawieszka-na-lusterko","status":"publish","type":"product","link":"https:\/\/lechia-zg.sklep.pl\/index.php\/produkt\/zawieszka-na-lusterko\/","title":{"rendered":"Zawieszka na lusterko"},"content":{"rendered":"","protected":false},"excerpt":{"rendered":"<p>Zawieszka na lusterko wsteczne w barwach Lechii to doskona\u0142y gad\u017cet dla prawdziwego kibica. Precyzyjnie odwzorowany herb podkre\u015bla przywi\u0105zanie do klubu, dodaj\u0105c charakteru Twojemu samochodowi. Wykonana z trwa\u0142ego materia\u0142u, jest lekka i \u0142atwa w monta\u017cu. Idealny spos\u00f3b na sportowy akcent w codziennej podr\u00f3\u017cy!<\/p>\n","protected":false},"featured_media":481,"comment_status":"open","ping_status":"closed","template":"","meta":[],"product_brand":[],"product_cat":[21],"product_tag":[],"class_list":{"0":"post-376","1":"product","2":"type-product","3":"status-publish","4":"has-post-thumbnail","6":"product_cat-akcesoria","8":"first","9":"instock","10":"shipping-taxable","11":"purchasable","12":"product-type-simple"},"_links":{"self":[{"href":"https:\/\/lechia-zg.sklep.pl\/index.php\/wp-json\/wp\/v2\/product\/376","targetHints":{"allow":["GET"]}}],"collection":[{"href":"https:\/\/lechia-zg.sklep.pl\/index.php\/wp-json\/wp\/v2\/product"}],"about":[{"href":"https:\/\/lechia-zg.sklep.pl\/index.php\/wp-json\/wp\/v2\/types\/product"}],"replies":[{"embeddable":true,"href":"https:\/\/lechia-zg.sklep.pl\/index.php\/wp-json\/wp\/v2\/comments?post=376"}],"wp:featuredmedia":[{"embeddable":true,"href":"https:\/\/lechia-zg.sklep.pl\/index.php\/wp-json\/wp\/v2\/media\/481"}],"wp:attachment":[{"href":"https:\/\/lechia-zg.sklep.pl\/index.php\/wp-json\/wp\/v2\/media?parent=376"}],"wp:term":[{"taxonomy":"product_brand","embeddable":true,"href":"https:\/\/lechia-zg.sklep.pl\/index.php\/wp-json\/wp\/v2\/product_brand?post=376"},{"taxonomy":"product_cat","embeddable":true,"href":"https:\/\/lechia-zg.sklep.pl\/index.php\/wp-json\/wp\/v2\/product_cat?post=376"},{"taxonomy":"product_tag","embeddable":true,"href":"https:\/\/lechia-zg.sklep.pl\/index.php\/wp-json\/wp\/v2\/product_tag?post=376"}],"curies":[{"name":"wp","href":"https:\/\/api.w.org\/{rel}","templated":true}]}}